27 = 3175. Calculate the highest common divisor of r and 810.
18
Let b be (28/2)/((-66)/1353)*(-7 + 0). Calculate the greatest common divisor of 882 and b.
49
Let o(c) = 14*c**2 - 93*c - 322. Let x be o(24). What is the highest common divisor of x and 40?
10
Suppose -8188*q + 8185*q + 90 = 0. Calculate the highest common divisor of 102 and q.
6
Suppose 7*j - 2*t = 11*j - 542, -2*j = -2*t - 286. Let p = j + -137. What is the greatest common divisor of p and 17?
1
Suppose -5*p - 3*w + 549 = 0, 266*w = p + 264*w - 102. Calculate the highest common factor of 774 and p.
18
Let q(o) be the first derivative of -3*o**2 + 3*o - 1. Let r be q(-4). Let d be (-2)/3*54*3/(-6). Calculate the highest common factor of d and r.
9
Let o be (-330)/24*(-13 + 9). What is the highest common divisor of 748 and o?
11
Let r(m) = -14*m**2 + 276*m + 31. Let d be r(19). What is the highest common factor of d and 182?
13
Let h(j) = -58*j + 144. Let x be h(-28). Let c(t) = 102*t**2 - 32*t - 30. Let l be c(-1). What is the highest common factor of l and x?
104
Let r be ((-180)/45 + (-5)/(-2))*-2536. What is the greatest common divisor of r and 12?
12
Let w = -2222 - -2246. What is the greatest common divisor of w and 12?
12
Let g(t) = 233*t - 1525. Let l be g(12). Calculate the highest common factor of 533 and l.
41
Suppose o - 32 = 30. Suppose -20*v = -19*v, -q + 3 = 5*v. Let c be q - ((-4)/22 + (-559)/(-473)). What is the greatest common divisor of o and c?
2
Suppose -5*n + 85*q - 90*q + 1080 = 0, 0 = -4*q + 28. What is the greatest common divisor of 2641 and n?
19
Suppose 0 = 4*k + 3*z - 723, 192 + 173 = 2*k + 5*z. Suppose -30 = 5*o - k. Calculate the greatest common divisor of 50 and o.
10
Suppose -p + 5*m + 23 = 0, -3*p - 9 = 4*m - 2. Suppose -p*s - 2*c + 22 = -2*s, 78 = 4*s + 3*c. What is the highest common factor of s and 36?
18
Suppose 6298 = 10*l - 5984 + 4232. Calculate the greatest common divisor of 140 and l.
35
Let v(o) = 20*o + 1793. Let q be v(-76). What is the highest common factor of q and 897?
39
Let c(f) = f**2 - 2*f + 175. Let h be c(0). Suppose -5*i - 12 = -i. Let v be i/(-9) + 208/6. Calculate the greatest common divisor of v and h.
35
Let v be ((-296)/5)/(20/(13 - 413)). Calculate the greatest common factor of 96 and v.
32
Suppose 25 - 74 = -5*m + 4*x, 4*m = x + 37. Let g be (-4)/((-60)/m) + 73040/100. Calculate the greatest common divisor of 17 and g.
17
Suppose -10032 = -3*w - 3*m, 9954 = 4*w - 3*m - 3436. Calculate the highest common factor of w and 28.
14
Let j(m) = -m**3 + 6*m**2 + 3*m - 17. Let w be j(6). Let n be w/(-4)*(0 - 4). Calculate the highest common factor of n and 1.
1
Suppose -i + 4*i - 3*o = 0, -i = -3*o + 6. Let s(l) = 10*l**2 - 31*l + 7. Let r be s(i). What is the greatest common factor of r and 16?
4
Let t be (-2392)/(-2) + 23 + -19. What is the highest common factor of 1680 and t?
240
Let y = 75 - 42. Suppose -2*o = -37 + y. Suppose -7*t + o*t + 675 = 0. What is the greatest common divisor of 15 and t?
15
Let d be 1 + -7 + 0 + 0. Let t = d - -20. Suppose 243*v - 238*v - 25 = 0, -3*p + 2*v + 11 = 0. Calculate the highest common factor of t and p.
7
Suppose 392 = 4*q - 0*q. Suppose -11*d + 1533 + 29 = 0. Let f = d - q. What is the highest common divisor of f and 4?
4
Let i be (1600/30)/(-16)*-21. What is the highest common divisor of i and 1090?
10
Suppose 2*y = -3*i + 2, 6*i - 5*y = 5*i - 5. Suppose -f - 7 = -4*n - i, 3*n + 5*f = -12. What is the greatest common divisor of 7 and n?
1
Suppose 38*w + 7*w - 7897 - 10823 = 0. What is the highest common divisor of w and 364?
52
Suppose 0 = 3*j + s - 68, -j - 2*j + 5*s = -56. Calculate the greatest common divisor of 82 and j.
2
Suppose 207*d = 2*s + 212*d - 61601, -2*s + 61591 = -5*d. What is the greatest common factor of s and 36?
18
Suppose -a = -3*n + 5, 5 = 2*n - a + 2. Calculate the greatest common divisor of n and 2846.
2
Let g be (56/(-112))/(0 + 3/(-12))*78. What is the greatest common factor of g and 1326?
78
Suppose k - 11*u = 3987, 20 = 3*u + 2*u. Calculate the highest common factor of k and 29.
29
Let i be 11307/(-21) - (-8)/(-14). Let j be i/(-4) - (-2)/8. Suppose 0 = 3*f - 843 + 573. What is the highest common factor of j and f?
45
Suppose 2*y + 4*s - 144 = 0, -y + 4*s - 66 = -2*y. Suppose 1238*f + 1258*f = 2485*f + 7722. What is the highest common factor of y and f?
78
Suppose 7*v = 4*v + 2*b + 517, -v + 5*b = -155. Suppose -19*z = -21*z + m + 67, 5*z = 5*m + v. Calculate the greatest common divisor of z and 96.
32
Let n(l) be the third derivative of l**6/60 - l**5/5 + l**4/6 - l**3/6 + 107*l**2. Let o be n(7). Calculate the greatest common divisor of o and 100.
25
Let y = -97 - -95. Let h be 5 - (-1)/y*4. Let q(n) = -n**3 - 5*n**2 + 4*n - 3. Let d be q(-6). Calculate the highest common divisor of h and d.
3
Let x(n) = 3*n + 4. Let r be x(4). Suppose 5*y = r - 1. Let b(q) = -73*q - 423. Let p be b(-6). Calculate the greatest common divisor of p and y.
3
Let f(c) = -11*c - 7*c - 14 + 19*c**2 + 6*c - 5*c - 6*c. Let u be f(-5). Calculate the highest common factor of u and 64.
64
Let o = 3587 + -3457. Calculate the highest common factor of o and 78.
26
Let i be 4/(3 - -3 - (5 - 363/(-366))). What is the highest common divisor of 549 and i?
61
Let z(a) = 7*a**3 - a**2 - 2*a + 2. Let p be z(2). Suppose 108 = t + 4*l, 2*l - 304 = -19*t + 16*t. What is the greatest common factor of p and t?
50
Let c(i) = 49*i**2 + 13*i + 22. Let j be c(-1). What is the highest common divisor of 15602 and j?
58
Let y be (-45)/6*(-16)/12. Suppose 2*f = 4*f - y. Suppose 2*r + 100 = f*x, -72 = -4*x + r + 5. Calculate the greatest common divisor of 24 and x.
6
Let f = -4 - -1. Let o(k) be the second derivative of -7*k**3/6 + 19*k**2/2 + 1326*k. Let m be o(f). Calculate the greatest common divisor of m and 16.
8
Suppose -5*o + 2*m = 34 - 90, -5*m - 5 = o. Suppose 3*r - 85 + 14 = -2*c, -5*r - 4*c = -117. What is the greatest common factor of r and o?
5
Let q = 516 - 549. Let u be 1/(156/152 - 1). Let b = q + u. What is the greatest common divisor of 5 and b?
5
Let k = 25421 - 2797. What is the greatest common factor of 112 and k?
112
Let v be 163 + 6 + 20/(-5). Let x = 78 - 63. Calculate the greatest common factor of x and v.
15
Let z be (-21742)/(-21) + 1/(-3). Suppose -4*g + 47 = 3*y, -5*g - 9*y = -12*y - 25. Suppose n = -g*n + z. Calculate the greatest common factor of 5 and n.
5
Let p be (2*1)/((-2)/(-9)). Suppose -26*r + 3125 = -229. Let t be 903/r*(9 + 0). What is the highest common divisor of t and p?
9
Let i = 427 - 409. Suppose -3*s + 66 = 5*c, -i*c + 17*c - 2*s + 16 = 0. What is the highest common factor of c and 576?
12
Suppose 18 = 23*w - 5. Let q be (-87)/(-5) + w - 136/340. Calculate the highest common divisor of 117 and q.
9
Suppose 0 = -2*g + f + 53, 5*g - 2*f - 135 = -0*g. Calculate the greatest common factor of 12151 and g.
29
Suppose -7*k + 461 = 5*b - 3*k, 0 = -2*b + 3*k + 166. Let m = b + -43. Suppose -u - 3*c = -285, 0*c + 15 = 5*c. Calculate the greatest common factor of u and m.
46
Suppose -667*w + 683*w - 416 = 0. What is the greatest common factor of 31 and w?
1
Let m be (-9 - (6/(-2) + -1))*-1. Suppose m*n - 215 = 7*r - 12*r, 0 = -5*r + n + 209. What is the highest common factor of r and 66?
6
Let h = 180 + -290. Let g = h + 137. What is the highest common divisor of g and 351?
27
Let o(r) be the second derivative of -5*r**3/6 - 9*r**2 - r. Let c = -474 - -470. Let a be o(c). What is the highest common divisor of 4 and a?
2
Let z(u) = 151*u + 1944. Let g be z(26). Calculate the greatest common divisor of g and 10.
10
Let y be -3*18/(-2) - (-8 - (-2 - -1)). Calculate the greatest common factor of y and 2.
2
Let d = -436 - -450. Suppose -5*j = 5*o - 410 - 380, -o = -4. What is the greatest common divisor of d and j?
14
Let t be ((-17)/(-5))/((-8)/(-40)). Let v be 0 + (-1304)/6 + (-18)/27. Let d = -116 - v. What is the greatest common factor of t and d?
17
Let o = -334 + 340. Suppose 0 = s + o*s - 210. Calculate the greatest common divisor of s and 20.
10
Let q = -24 + 34. Let t(p) be the second derivative of p**4/4 - 7*p**3/2 - 25*p**2 - p - 40. Let y be t(9). What is the highest common factor of q and y?
2
Suppose 0 = -2*v + 424 + 290. Let r be ((-12)/(-8))/(v/(-72) + 5). 